- 3. Let w(z) be the second derivative of g(z). What is the units digit of w(0)?
2
Let q(c) = -c**3 + c**2 - 3*c + 4. Let r(n) = 6*n - 5*n + 3 - 4. Let s(o) = -q(o) - 5*r(o). What is the units digit of s(4)?
1
Let y = 15 - 87. Let x be (1/2)/((-6)/y). Suppose -x*i = -4*i - 58. What is the tens digit of i?
2
Let m(f) = f + 5. Let l(o) = -2*o - 9. Let q(j) = -4*l(j) - 7*m(j). Let g be q(2). What is the tens digit of ((-13)/(-2))/(g/18)?
3
What is the units digit of 1522/(0/2 - -1)?
2
Let w be 18 - (-1 - (3 - 6)). Let x = w + -12. Let v(i) = 6*i**2 - 9*i + 4. What is the units digit of v(x)?
4
Let c(l) = 21*l + 393. What is the hundreds digit of c(45)?
3
Suppose 3*s = 4*z + 670, 0 = 5*z + 11 + 9. Suppose 2*h + 2*x = -2*h + s, x = -5*h + 268. What is the tens digit of h?
5
Let t = -561 + 2006. What is the units digit of t?
5
Suppose 0 = 5*m + 4*c - 52, -3*m - 26 = -5*m + c. Let n(z) = 3*z + 16. What is the units digit of n(m)?
2
Let t = -17 - -22. Suppose -2*p - 2*a + 15 = a, 0 = -4*p - a + t. Suppose 2*w + o - 5 = -p, 0 = 4*w + 4*o. What is the units digit of w?
5
Suppose -28*b - 7466 = -27234. What is the units digit of b?
6
Let s(t) = t**3 - 6*t**2 + 7*t - 17. Let v be s(8). Suppose -i = -g - 55, 4*i + 3*g = v + 39. What is the units digit of i?
3
Let y = 35 - -33. Let u = -943 + 913. Let a = y + u. What is the units digit of a?
8
Suppose -2*c - 4*r - 3 = -5*c, -2*c + 4*r + 2 = 0. What is the tens digit of 6 - 3 - (-882)/(c - -2)?
9
Let c be (-4)/20 + (-32)/(-10). Let t(j) = -j**c - 1 + j + j + 7*j**3. What is the units digit of t(1)?
7
Let m(o) = 2*o + 44. Let k(g) = g - 17. Let l be k(29). What is the units digit of m(l)?
8
Suppose 919 = 9*q - 10394. What is the hundreds digit of q?
2
Let r be ((-15)/(-2))/(-1)*(-8)/(-2). Let q = r + 203. What is the units digit of q?
3
Suppose 6*d + 8 = 44. Suppose 32 = 3*k + 8. Let m = d + k. What is the units digit of m?
4
Let p(q) = q**3 - 2*q**2 + 2. Let y be (22/(-55))/(1/(-5)). Let h be p(y). Suppose 4*r - h*n - 108 = -3*n, n + 126 = 5*r. What is the tens digit of r?
2
Suppose -7*v + 11*v = 3*r + 6118, -3*r = v - 1537. What is the thousands digit of v?
1
Let u(b) = 4*b**2 - 4*b - 1. Let x be u(-4). Suppose 49 + x = -8*w. Let m = w - -17. What is the units digit of m?
1
Let f = 169 + -102. Let j = f - 39. What is the tens digit of j?
2
Let n(c) = c**2 - 8*c + 58. What is the tens digit of n(13)?
2
What is the hundreds digit of ((-1)/(-8)*-46)/((-1)/372)?
1
Suppose -4*d + 17 = -11. Suppose -5*h + d*h = 24. Let m = h + 13. What is the units digit of m?
5
Let x be (-3)/1 - 243/(-3). Suppose 4 - x = -2*j. Suppose 6*g - j - 29 = 0. What is the units digit of g?
1
Let f(i) = 8*i - 9. Let n(b) = b**3 - b**2 + 1. Let w(a) = 7*a**3 - 10*a**2 + a + 6. Let u(v) = -6*n(v) + w(v). Let p be u(4). What is the units digit of f(p)?
3
Let p be 2/4 + 3/2. Suppose -q = -p*q + 7. What is the units digit of q?
7
Let f = 47 - 89. Let m be (2/4)/(7/f). Let c(j) = 6*j**2 + j + 7. What is the tens digit of c(m)?
5
Let a(g) = -g**3 - 8*g**2 + 5*g - 13. Let s be a(-9). Suppose -53 - s = -4*m + 4*u, -m + 7 = 3*u. Let n = 30 - m. What is the tens digit of n?
1
Suppose 2*f = -a - 1, -5*a = -3*f - 0*a + 18. Let o = f + -4. Let b(u) = -12*u - 6. What is the tens digit of b(o)?
3
Let p(q) = -7*q - 78. Let t be p(-12). Suppose -4*c + 2*s = -100, s = 4*s - t. What is the units digit of c?
6
Let y = -196 + 264. What is the tens digit of y?
6
Let p be (-98)/21*(-3)/2. Suppose 1 = 2*u - p. Suppose -u*o + 8 = -12. What is the units digit of o?
5
Let i be (-9)/6 + 6/4. Suppose 3*a + y = -3, 3 = -i*a - a - y. Suppose u - 1 - 3 = a. What is the units digit of u?
4
Suppose 4*r + 3*d - 1649 = 0, 4 + 1 = -d. What is the tens digit of r?
1
Let n(u) = -u**3 + 40*u**2 - 123*u + 37. What is the units digit of n(36)?
3
Let y be 4/(-10) - (-508)/20. Suppose 0*f - 5*g - y = -2*f, -3*g = 15. Suppose -3*m + 6*z - z + 55 = f, -5*m + 2*z + 117 = 0. What is the tens digit of m?
2
Suppose -466*d + 474*d = 8272. What is the tens digit of d?
3
Let t = 62 - 62. What is the units digit of (90 - (t + 0)) + 2?
2
Suppose -5*a = -b - 2815, 5*a - 2520 - 295 = -4*b. What is the tens digit of a?
6
Suppose r - 30 = -4*r. Suppose -a - 2*l = 3 + r, -3*l - 14 = 2*a. Let v(y) = -16*y. What is the units digit of v(a)?
6
Let d = -807 - -1278. What is the units digit of d?
1
Suppose -3*f + 64 = -4*f. Let d = -213 + 115. Let u = f - d. What is the units digit of u?
4
Let a(g) = -2*g**3 + 2*g - 2. Let t be a(2). Let n(y) = -2*y**2 - 26*y + 27. Let m be n(-13). Let x = m + t. What is the tens digit of x?
1
Suppose 4*d = 2*m - 4 - 0, 4*d - 26 = -m. Suppose 3*f + m = 2*f - 2*c, 2*f - 2*c + 14 = 0. Let h = f + 9. What is the units digit of h?
1
Let f = 0 + 5. Suppose 6*l - f = 5*l. Suppose c - 15 + 5 = -3*z, 2*c = -l*z + 21. What is the tens digit of c?
1
Let m = 746 - 350. Suppose -12*h - 156 = -m. What is the units digit of h?
0
Let m(t) = t**2 - 14*t + 18. What is the units digit of m(26)?
0
Let n = -109 - -59. Let w = 27 - n. What is the tens digit of w?
7
Suppose -3*i - 5 = -14. Let r(g) = i + 3*g + 0*g + 4*g. What is the tens digit of r(3)?
2
Let g be 6/(-21) + 90/21. Suppose -v = 2*o - g + 1, -5*v - 30 = -5*o. Suppose -3*h = -6*h - 4*y + 12, 5*h + o*y = 31. What is the units digit of h?
8
Let n(m) = 4*m**2 - 20*m - 95. What is the tens digit of n(22)?
0
Suppose -16 = 31*z - 35*z. Suppose 95 = 5*x - 5*s, z*s - 31 = -3*x + 26. What is the units digit of x?
9
Let f = -572 + 904. What is the units digit of f?
2
Let v = 240 + 289. Suppose -242 = -2*a + 3*k, 4*a - 5*k + 49 = v. What is the units digit of a?
5
What is the hundreds digit of 1/(-5)*2 - (-39787)/55?
7
Let v(l) = 7*l + 159. Let b be v(0). Suppose b = 18*k - 17*k. What is the tens digit of k?
5
Suppose 0 = -3*c - 171 + 3. Let g = c - -93. What is the tens digit of g?
3
Suppose 5*i + 27 = b + 2*b, 5*b + 4*i = 8. Let o(j) = -b*j - 2 - 2*j + 3*j + 6. What is the units digit of o(-4)?
6
Suppose 3*u + 292 = 2032. Suppose -2*w - 3*w = -u. What is the hundreds digit of w?
1
Suppose -4208 = 22*i - 51112. What is the hundreds digit of i?
1
Let n = 368 + -532. Let v = -103 - n. What is the tens digit of v?
6
Let d be -4*(-6)/8 - 0. Let b(s) = -2*s**3 - 7*s. Let a(n) = 5*n**3 + n**2 + 20*n - 1. Let r(c) = 3*a(c) + 8*b(c). What is the units digit of r(d)?
9
Let i = 16 - 5. Let b = 28 + i. Suppose -3*j = 4*u - j - 138, u - b = -5*j. What is the tens digit of u?
3
Suppose 4122 = -7*w + 11213. What is the thousands digit of w?
1
Let g(i) = -2*i - 1. Let j be g(-2). Let f = j - -21. Suppose 0 = n - f + 17. What is the units digit of n?
7
Let u be 1 + (-8)/6 + (-808)/(-12). Let b = -92 - -315. Suppose -4*q + b = u. What is the units digit of q?
9
Suppose 0 = -4*w + w + 84. Let m = w + 37. What is the tens digit of m?
6
Let j(c) = 12*c - 4. Let y be j(-2). Let w be (-9)/(-4) - (-7)/y. Suppose -115 = -3*i - w*i. What is the tens digit of i?
2
What is the tens digit of -10*28/(-35) - -3?
1
Suppose -2*g - 3*y - 12 = 0, -y = y + 8. Let s(p) = -p**2 - p + 67. What is the units digit of s(g)?
7
Let q = -11 + 6. Let m(x) = -x**2 + x + 6. Let o be m(q). What is the units digit of (-1)/3 + (-1736)/o?
2
Let k = 4 - 1. Suppose -k*f = -7*f + 28. Suppose 3*h + 44 = f*h. What is the tens digit of h?
1
Suppose 5*n - 2*o - 133 = 0, 18 = n - 2*o - 15. What is the tens digit of n?
2
Let j(d) = 4*d**3 - 5*d**2 + 2*d - 7. Suppose 3*g = 4*u, 4*g - 5 = 5*u - g. What is the units digit of j(u)?
2
Let m be 711/15 + 18/30. Let x = 111 - m. What is the units digit of x?
3
Let d(x) = 1 - 10 - 11*x**2 + 11*x + 10*x**2. Let a be d(6). Suppose 154 = 5*s - a. What is the tens digit of s?
3
Let q(j) = j**3 - 11*j**2 - 15*j + 28. Let b be q(12). What is the units digit of b/44 + (-3880)/(-44)?
8
Let s(y) = -3*y - 7. Let n be s(-4). Suppose 0 = n*x + 2*z + 133, 3*z = -2*x + 25 - 76. What is the tens digit of 10*(x/(-6) + -2)?
2
Suppose 0 = 2*t - 0*t - 10. Suppose 19 + 6 = t*z. Suppose -y = -4*s + 44, y = z*y. What is the units digit of s?
1
Let j be ((20/3)/2)/(4/6). Let l(a) = 7*a**2 - 9*a + 5. What is the tens digit of l(j)?
3
Let y(g) be the third derivative of -g**6/120 - 7*g**5/60 - 13*g**4/24 - 5*g**3/2 + 15*g**2. What is the tens digit of y(-8)?
5
Let j = 4524 + 